4*f + 8 = 0. What is the greatest common divisor of x and 1962?
18
Let c be 5*(-4)/(-10) - (0 - 3). Let n be (-12)/c + 2 - (-62)/5. Suppose 5*v = 18 + n. Calculate the highest common factor of v and 4.
2
Let x = -7213 + 7297. What is the greatest common factor of 2982 and x?
42
Let d(u) = 5*u**2 - 1498*u - 4515. Let k be d(-3). Suppose 8*o - 648 = 5*o. What is the greatest common factor of k and o?
24
Let p(j) = -j - 6. Let h be p(-8). Suppose -3*x + x = -3*n - 12, -h*n = 4. Suppose 4 + 50 = x*k. Calculate the highest common divisor of k and 45.
9
Suppose c + 0*c = -c. Suppose -4*h + 537 + 1159 = c. What is the highest common factor of h and 53?
53
Let t be (-9 - (-3 - -5))/(36/(-108)). Suppose 0 = -3*a - 2*a + 275. Calculate the greatest common divisor of t and a.
11
Let x be (-1161)/4257 + ((-3724)/22)/(-1). Calculate the greatest common divisor of 481 and x.
13
Let z(h) = -h**3 - h**2 + h - 62. Suppose a + 1 = n, -n + 3*a + 5 = 2. Let l be z(n). Let t = -18 - l. Calculate the greatest common divisor of 66 and t.
22
Let j be (-16)/(-10)*(-20)/(-8). Suppose -f + j*c = -38, -2*f - 3*c - 105 = -7*f. Calculate the highest common divisor of f and 126.
18
Let b be (-64)/(-16)*2/4. Suppose 219 = b*g + 199. Calculate the greatest common factor of 425 and g.
5
Let a be 81 + (-1 - -9)/4. Let b = 98 - a. Suppose 4*i + 2*n - 52 = 0, -3*n = -12*i + b*i - 42. What is the highest common factor of 60 and i?
12
Let g(p) = -p**3 - 19*p**2 - 19*p - 18. Let b be g(-18). Suppose -8*v + 351 - 79 = b. Calculate the highest common factor of 374 and v.
34
Let h(t) = -t**3 + 5*t**2 + 29*t + 181. Let d be h(-5). Calculate the greatest common factor of d and 1118.
26
Suppose -14*d = -5*k - 20*d + 85, 61 = 6*k - d. What is the greatest common factor of k and 99?
11
Suppose 4*n + 13*n - 51 = 0. Let q = -39 - -57. Let g be q + -2 + -4 - n. What is the greatest common factor of g and 9?
9
Suppose -44*m = -55*m - 4620. Let u = -402 - m. Calculate the highest common divisor of 234 and u.
18
Let s = -70 - -91. Let c be ((-112)/(-42))/(2/s). Let k(b) = 3*b**3 + 7*b**2 - b - 15. Let p be k(3). Calculate the highest common factor of c and p.
14
Let f = 6 + 30. Suppose -840*r - 216 = -858*r. What is the greatest common factor of r and f?
12
Let x(b) = -3*b**3 - 42*b**2 - 40*b - 296. Let v be x(-14). Calculate the greatest common factor of v and 144.
24
Let d(f) = 32*f + 128. Let o be d(-3). What is the greatest common divisor of o and 14?
2
Suppose -163*a - 47*a + 5437890 = 3*a. Calculate the highest common factor of 10 and a.
10
Let o = -82 + -763. Let i = -509 - o. What is the highest common factor of i and 48?
48
Suppose f - 1568 = -4*q, f = 15*q - 20*q + 1961. Suppose 0 = -7*t + q + 657. Calculate the greatest common factor of t and 30.
30
Let i(s) = -s**3 - 4*s**2 + 23. Let n be i(4). Let c be (-274)/(-14) - n/245. Calculate the highest common factor of 130 and c.
10
Let t = 69 - 49. Suppose 3*x - t = -2*x. Suppose -5*b - n = -352, x*b - 4*n - 278 = -3*n. Calculate the highest common divisor of 42 and b.
14
Suppose -7*d + 72 = 5*d. Suppose p + 4 = d. Suppose p*f + 44 - 60 = 0. What is the greatest common factor of 40 and f?
8
Suppose 3*n - 1365 = -5*f, 2*f + 245 = 3*f - 5*n. Suppose -66*g + 62*g + 16 = 0, -560 = -3*s - 5*g. Calculate the greatest common factor of s and f.
90
Suppose -4*k - 28 = -3*o, -28 = 12*k + 20. Calculate the greatest common factor of 1592 and o.
4
Let t(h) = -27*h + 94. Let r be t(-11). Let c = -357 + r. What is the greatest common divisor of c and 238?
34
Suppose -4*v - 1904 = -2*l + 1772, 0 = -2*l + 2*v + 3684. What is the highest common factor of l and 52?
26
Let q = -58 + 58. Suppose q = -3*a - 4 - 2. Let m = a - -57. Calculate the greatest common factor of m and 5.
5
Let t(g) = 85*g + 2796. Let y be t(-30). Calculate the greatest common factor of 16113 and y.
123
Suppose 5*o + 108 = 3*u, o - 108 = -3*u - 4*o. Let z be 0 - (24/9)/(8/u). Let j be 2/9 + -94*z/27. Calculate the highest common divisor of j and 14.
14
Let b = -31934 - -33111. Calculate the highest common factor of b and 214.
107
Let h be (1 - 0)/(2/32). Suppose -8*m - 50 = -186. Suppose -m*p = -22*p + n + 636, 2*n - 8 = 0. Calculate the highest common divisor of h and p.
16
Let o(i) be the first derivative of 2*i**3/3 - 35*i**2/2 + 24*i + 49. Let v be o(17). What is the highest common factor of v and 63?
7
Let f = 3421 - 3046. What is the highest common factor of f and 3625?
125
Let v(d) = -2*d**2 + 3*d + 47. Let q be v(-13). Let h = 382 + q. Let t(b) = 33*b**2 - 2. Let k be t(-2). Calculate the highest common factor of h and k.
26
Suppose f + 4*m = -16, -2*m + 98 = -4*f - m. Let d be 2*1*f/(-3). Suppose 0 = 13*a - 271 + 245. What is the greatest common divisor of a and d?
2
Let b(d) = 4*d + 22. Let j be b(2). Suppose -j*w - 1323 = -4683. What is the highest common divisor of w and 126?
14
Suppose -4*h + 3*k + 45 = 6*k, -2*k - 2 = 0. Let c(s) = -s**3 + 14*s**2 - 13*s + 8. Let z be c(h). Calculate the highest common factor of z and 28.
28
Let c = 3248 + -2864. Calculate the highest common divisor of c and 96.
96
Let m be 11/(-2)*-5*2. Let x(o) = o**3 - 12*o**2 + 25*o - 28. Let q be x(10). What is the highest common divisor of m and q?
11
Suppose -f = -0*f + 4*q - 13, 0 = 5*f + 4*q - 145. Suppose 2*j + 188*v - 185*v = 45, -5*j - 5*v + 110 = 0. What is the greatest common divisor of j and f?
3
Let m = -31 - -82. Let c = -31 + 98. Suppose -7*r + 52 = -c. What is the greatest common factor of r and m?
17
Let g be 8 - (-48)/(-80)*-10. What is the highest common factor of 4872 and g?
14
Let t be (72/40)/((-1)/(-15)). Let w = t + -19. Suppose w*b + 945 = 13*b. What is the greatest common factor of 27 and b?
27
Let b(j) be the second derivative of -22*j**3/3 - 20*j**2 + 7*j + 3. Let c be b(-2). Calculate the highest common divisor of 54 and c.
6
Let s be ((-624)/(-2) - 1) + -1. Let h(n) = -45033*n + 90116. Let u be h(2). What is the greatest common divisor of u and s?
10
Suppose 2*u - 2*g - 386 = 0, -1402*g + 1403*g + 973 = 5*u. What is the highest common divisor of 115 and u?
5
Suppose -12*i + 3*i = -54. Suppose -2*g = i*g. Suppose -7*q - 44 + 170 = g. Calculate the greatest common divisor of q and 36.
18
Suppose 11*u + 4*i = 6*u + 914, -2*u - 2*i = -368. Calculate the greatest common factor of u and 32218.
178
Suppose -34*o = -8554 + 3114. Calculate the highest common divisor of 2760 and o.
40
Suppose 0 = -2*c - 2*l + 596, 1939 = 5*c - l + 491. What is the greatest common divisor of c and 21?
3
Let z(t) = t**3 - 11*t**2 - 11*t - 11. Let p be z(12). Let l(d) = 29*d**2 - 25*d + 25. Let a be l(p). What is the greatest common factor of a and 783?
29
Let c = 12 + -7. Suppose 6*n = c*n + 3. Suppose a = 2*f + 2*a - 117, -2*a = n*f - 178. Calculate the greatest common factor of f and 14.
14
Let r(u) = -u**2 - 42*u + 30. Let m be r(-25). Let h(d) = d**3 - d**2 + d + 35. Let s be h(0). What is the highest common divisor of s and m?
35
Suppose -a + 17 = 4*l, -3*l - a - 4*a = -34. Let x be 416/22 - (-66)/726. Calculate the highest common divisor of x and l.
1
Suppose 38*m = -63*m + 21609 - 4641. Suppose 3 = -l + 1. Let b be 5 - -15 - 2/l. What is the highest common factor of b and m?
21
Suppose 4*q - t = 13, 2*q + 2 = 4*q + 4*t. Suppose -q*c - 84 = -3*u, 2*u - u - 34 = -c. Let d = 394 - 146. Calculate the highest common divisor of u and d.
31
Let z = 2560 + -1632. Calculate the highest common divisor of z and 493.
29
Suppose -f - 46 = -4*d, -2*d + 31 = -3*f + 13. Suppose d*l = 11*l + 102. Let i be (-7*(-4)/28)/(1/l). What is the highest common factor of i and 34?
34
Let l(q) = 51*q**3 + 8*q**2 + q + 24. Let h be l(4). Calculate the greatest common factor of 57 and h.
57
Suppose 6*u - 9*u - 585 = 0. Let j = -193 - u. Calculate the highest common divisor of j and 6.
2
Suppose -4*c - 10 = 2*x, 2*x - 17*c = -14*c + 25. Suppose 11*p - 750 = x*p. Calculate the greatest common divisor of p and 50.
25
Suppose -3*v - 4 + 2 = -2*p, 2*p - 12 = -2*v. Let x = 6677 + -6668. Suppose g - p*g = -x. Calculate the greatest common factor of 3 and g.
3
Let u(o) = 217*o - 1334. Let h be u(11). Calculate the highest common divisor of h and 13.
13
Let p(c) = c**2 - 8*c + 9. Let l be p(7). Let z(m) = 10 + 0*m + 6*m + m - m**